+ 27*b - 4. Let l(x) = 5*f(x) - 3*m(x). List the prime factors of l(-5).
2
Suppose 2*t - 3*i - 56 = 0, -4*t + 87 - 19 = 5*i. Let u be 4388/(-18) - t/99. List the prime factors of (-1 + 4)/((-12)/u).
61
List the prime factors of (832/(-6))/((-23)/69).
2, 13
Let c = -395 + 1039. List the prime factors of c.
2, 7, 23
List the prime factors of 9678/(-12)*-5*24/20.
3, 1613
Let b(d) = -854*d + 2. What are the prime factors of b(-1)?
2, 107
List the prime factors of (-45388)/(-42) + (-16)/(-12).
2, 541
Let c = 176 + -31. List the prime factors of c.
5, 29
Suppose 0 - 8 = -w. Let p be 2/w + 54/8. Suppose 6 = 9*d - p*d. What are the prime factors of d?
3
Suppose 2*g - 1617 = -s, 25*g - 30*g + 4*s + 4075 = 0. List the prime factors of g.
811
Let p(o) = 2*o**2 - 8*o + 3. Suppose -3*z + 18 = -6*z. Let b = 12 + z. What are the prime factors of p(b)?
3
Suppose -13*b + 24*b = 1166. List the prime factors of b.
2, 53
Let z = -9 - -8. Let j be (3 - 0 - 3)/z. Suppose j = l - 6*l + 180. List the prime factors of l.
2, 3
Let i be 4/(-18)*3*795/(-5). Suppose 5*w - 831 = -i. What are the prime factors of w?
5, 29
Let o be (16/(-3))/((-2)/24). Suppose -6*n - 26 = -38. Suppose -3*w - 16 = -5*w - n*m, o = 4*w - 4*m. List the prime factors of w.
2, 3
Suppose -3085 = -5*g - 0*g. List the prime factors of g.
617
Suppose -14*i + 11643 = 3677. What are the prime factors of i?
569
Suppose 12*i - 11*i - 2 = 0. Suppose 0 = -i*r - 122. Let s = -28 - r. What are the prime factors of s?
3, 11
Let u(q) = -23*q**2 - 4*q + 3. Let r be u(2). Let p be -3 - (-3)/(12/(-556)). Let f = r - p. List the prime factors of f.
3, 5
Let f(z) = 3*z**2 - z + 16. Let r be ((-7)/(-21))/((-2)/24). What are the prime factors of f(r)?
2, 17
Suppose 0 = -7*r + 6*r + 603. List the prime factors of r.
3, 67
Suppose -51260 = -54*j - j. List the prime factors of j.
2, 233
Let d(i) = i**3 - 14*i**2 - 15*i + 12. Let v be d(15). Let q be (1 - 1)/(10 - v). Suppose 0 = 3*m - 4*l - 76, q = -l - 4*l - 5. List the prime factors of m.
2, 3
List the prime factors of 1 - (-15)/(-35) - (-33145)/49.
677
Let m(f) be the third derivative of 179*f**5/60 - f**4/12 - f**3/6 - 29*f**2. List the prime factors of m(-1).
2, 3, 5
Suppose -f - 4*f = 0. Suppose 4 = -q, f*w = w - 5*q - 75. List the prime factors of w.
5, 11
Let j be 1*-1 - -21 - -1. Suppose -24 + 38 = 7*h. Suppose h*k - j = 27. What are the prime factors of k?
2, 3
Let o(b) be the third derivative of b**5/10 - 7*b**4/24 + b**3/6 + 13*b**2 + b. What are the prime factors of o(8)?
7, 47
Suppose 2*a = 5*t + 55 - 11, t = -4. Suppose 0 = 3*s - 5*h - 32, -4 + a = s + h. List the prime factors of 357/s - 2/3.
3, 13
Let a(h) = -4*h**2 + 9*h - 30. Let o(v) = 5*v**2 - 8*v + 30. Let s(t) = 4*a(t) + 3*o(t). List the prime factors of s(6).
2, 3
Let m = 1241 - 554. List the prime factors of m.
3, 229
Suppose -821 - 199 = -4*q. What are the prime factors of q?
3, 5, 17
Let p = -78 - -136. What are the prime factors of p?
2, 29
Let m be -1*(-3 + 6 + -7). Suppose -4*q + 6*q = d - 117, m*d - 503 = q. List the prime factors of d.
127
Let j = -2871 + 5417. List the prime factors of j.
2, 19, 67
Let y(d) = d**3 - 13*d**2 + 3*d - 18. Let v be y(13). Suppose -4*r - v = -3*g + 13, -2*g = 3*r + 17. List the prime factors of 4/3*(-1 - r).
2
Suppose 40123 = -57*w + 331678. List the prime factors of w.
3, 5, 11, 31
Suppose -4*z + 7*z - 7933 = -5*y, 2*y = -3*z + 3175. What are the prime factors of y?
2, 13, 61
What are the prime factors of (-2)/6*-3 + 74?
3, 5
Let c be (-7 - 61/(-9)) + 4/18. What are the prime factors of c + 2/10 + 11975/125?
2, 3
Let f(w) = -4*w**2 + 30 - 27*w + 9*w**2 + 0 - 3*w. Let j(o) = o**2 - 6*o + 6. Let s(q) = -2*f(q) + 11*j(q). What are the prime factors of s(8)?
2, 11
Suppose 10*a - 7*a - 2469 = 0. What are the prime factors of a?
823
Suppose q = -2*q - 4*h - 10, -4*q - 2*h = 0. Suppose -a = q*a - 6. What are the prime factors of (-418)/(-33) - a/3?
2, 3
Let m(y) be the third derivative of y**5/30 + y**4/12 - 2*y**3/3 - 4*y**2. Let w be m(5). Let o = w - 40. What are the prime factors of o?
2
Let c = -18 + -17. List the prime factors of 874/10 - (-14)/c.
3, 29
Let p(q) = 13*q**2 - 2*q. Let b be p(2). Let w be 18*(-4)/(-16)*2. Let f = w + b. What are the prime factors of f?
3, 19
Let p = -13 - -18. Let x(s) = -s**2 + 12*s - 7. List the prime factors of x(p).
2, 7
Suppose 2*o - 6 = 4. Suppose -5*z + o = -4*z. Suppose z*u - 165 = 4*p, 5*u = -p + 101 + 39. List the prime factors of u.
29
Let d = 18 + -40. Let c = d - -35. Suppose i + 0 = c. What are the prime factors of i?
13
Suppose -4 = -2*y, 2*y = 2*m + 5*y - 6. Suppose 3*s - 7*s + 16 = m. List the prime factors of s.
2
Suppose 0 = i + 2*b - 881, 113*i + 4*b - 873 = 112*i. List the prime factors of i.
7, 127
Suppose 15*d = 13*d + 94. What are the prime factors of d?
47
Let p(w) = -2*w. Let r be p(0). Let u(a) = -3*a - 3*a + 1 + 3*a + r*a. What are the prime factors of u(-8)?
5
List the prime factors of ((-4)/4 - 1)/((-2)/64).
2
Let k(p) = -13*p**3 + 6*p**2 + 2*p - 2. Let z = -13 - -11. What are the prime factors of k(z)?
2, 61
Suppose -4*i + 12 = -4*n, 0*n - 13 = -4*n - i. Suppose 111 = o + n*d - 47, -2*d = -2*o + 310. List the prime factors of o.
2, 3, 13
What are the prime factors of (-5 + 1614/24)/((-6)/(-168))?
3, 7, 83
Let z = 2548 - -697. List the prime factors of z.
5, 11, 59
Let j = 9 + -9. Let x(o) = -o**2 - 2*o + 95. What are the prime factors of x(j)?
5, 19
Let g(v) = 4*v + 76. Let q be g(-20). Let m(y) = -y**3 + 2*y**2 + 15*y + 5. List the prime factors of m(q).
41
Let d(o) = 8*o - 1. Let g(c) = -c**3 + 10*c**2 + 12*c - 10. Let b be g(11). Suppose 3*x + 3*j = 9, -b - 15 = -5*x - 4*j. List the prime factors of d(x).
31
Let g = -59 + 62. Suppose -41 = g*l - 158. What are the prime factors of l?
3, 13
Let z(f) = f**3 + 15*f**2 - 14*f + 46. What are the prime factors of z(-10)?
2, 7
Let t be ((-4)/10)/((-2)/(-40)). Let g be 4/(-8)*(t + 2). Suppose 5*q + 4*w = 60, -2*q + g = 4*w - 21. What are the prime factors of q?
2, 3
Let k = -12 + 12. Suppose 5*o - 5*h - 95 = k, o + 0*h = -4*h + 24. List the prime factors of o.
2, 5
What are the prime factors of 1 - (-245 - 1)*(-20)/(-15)?
7, 47
Let p = 158 + 51. Let u = p + -120. What are the prime factors of u?
89
Suppose -10*a + 6339 - 1869 = 0. List the prime factors of a.
3, 149
Let l = 902 + -351. Suppose 4*p - 833 = l. List the prime factors of p.
2, 173
Let c be 2/(-8)*-1 - 30/(-8). Suppose 674 = c*q + l, 0*l = q + l - 167. List the prime factors of q.
13
Suppose 0*a = -y + 2*a + 20, -2*y + 32 = -2*a. Suppose 3*c - 2*c = y. What are the prime factors of c?
2, 3
Let p(n) = 27*n**2 + 3*n - 10. Let g be p(5). Suppose 7*q = -q + g. What are the prime factors of q?
5, 17
Let b = 1754 - -795. List the prime factors of b.
2549
Let u(y) = -10*y + 37. Let c be u(17). Let z = c - -255. What are the prime factors of z?
2, 61
Let i(j) = j**3 - 10*j**2 + 8*j + 18. Let t(g) = -g**2 - 8*g - 6. Let y be t(-4). What are the prime factors of i(y)?
2, 7
Let z(c) = c**2 - 4*c + 11. Let i be z(3). Suppose -4*q = 3*f - i*f + 343, -5*f - 2*q + 331 = 0. What are the prime factors of f?
67
Let l be ((-6)/(-8))/((-2)/(-104)). Suppose -4*t = -3*i + l, t + 3*i + 9 = -12. What are the prime factors of (3/t + -1)*-8?
2, 5
Let r(l) = -2*l + 3. Suppose 4*z - 172 = 4*j, -5*z = -2*j - 161 - 57. Suppose -5*s + 9 = z. What are the prime factors of r(s)?
17
What are the prime factors of 2/8 + 6/(168/18389)?
3, 73
Let v = -1081 - -1880. What are the prime factors of v?
17, 47
Let c = -92 - -69. List the prime factors of (-10)/15*(c + -1).
2
Let w = 31 + 23. Suppose 4*s = 2*j - w, 7*j = 2*j - s + 102. What are the prime factors of j?
3, 7
Suppose 3 = -4*i - 3*c, 2*c = -0*i - 2*i - 4. Suppose 0 = -2*s - 3*w - 11, 5*s + w - 1 - 4 = 0. Suppose i*x + s = 4*x. List the prime factors of x.
2
Let a(l) = 74*l**2 - 2. Let k(s) = 297*s**2 + s - 7. Let v(p) = 9*a(p) - 2*k(p). What are the prime factors of v(-2)?
2, 3
Suppose 3*r + 3*s - 3834 = -0*s, -6*s + 2540 = 2*r. What are the prime factors of r?
2, 641
Let r be 32/(-80) - 317/(-5). Let g = 37 + r. Suppose 8*f - g = 6*f. What are the prime factors of f?
2, 5
List the prime factors of (-66 - -76)*(-1)/5*-62.
2, 31
Let p(j) = -j**3 + 15*j**2 + 2*j - 15. Let